4365?
True
Does 449 divide 263004893?
True
Is 14 a factor of 474548338?
False
Is 1125 a factor of 446708250?
True
Is 383092272 a multiple of 22?
False
Is 750 a factor of 2544013?
False
Does 45 divide 28223865?
True
Is 78113295 a multiple of 666?
False
Does 164 divide 22986681?
False
Is 758077940 a multiple of 20?
True
Does 26 divide 286093?
False
Is 2247842570 a multiple of 226?
False
Is 11194098 a multiple of 346?
False
Does 98 divide 209299776?
True
Is 7140 a factor of 2075901723?
False
Does 765 divide 29331743?
False
Is 747640 a multiple of 10?
True
Is 5966541110 a multiple of 174?
False
Does 244 divide 119584888?
True
Does 66 divide 1064714384?
False
Is 33 a factor of 111042525?
True
Is 43 a factor of 57514997?
False
Is 1675696250 a multiple of 10?
True
Is 1817 a factor of 341974734?
False
Is 15708343 a multiple of 2897?
False
Does 162 divide 12408261?
False
Does 20 divide 4602855?
False
Does 37 divide 31358081?
False
Does 453 divide 31958697?
True
Does 15 divide 22458510?
True
Is 93695822 a multiple of 69?
False
Does 3023 divide 1217532381?
False
Does 24 divide 25424160?
True
Is 72 a factor of 88498872?
True
Is 19 a factor of 12088014?
False
Does 104 divide 927695912?
True
Does 68 divide 57320270?
False
Is 240654154 a multiple of 1451?
True
Is 17 a factor of 145923053?
True
Does 789 divide 121953181?
False
Does 2805 divide 161514705?
True
Is 1579 a factor of 2138771290?
True
Is 10246 a factor of 1520209266?
True
Does 377 divide 1072502418?
True
Is 106152373 a multiple of 274?
False
Is 297 a factor of 372657503?
False
Is 1893152220 a multiple of 1283?
False
Is 158540586 a multiple of 122?
True
Is 238912251 a multiple of 215?
False
Does 355 divide 22597525?
True
Is 80 a factor of 14163659?
False
Does 384 divide 514024320?
True
Does 153 divide 26636285?
False
Is 215888724 a multiple of 3827?
True
Is 374237031 a multiple of 1955?
False
Is 320 a factor of 104990106?
False
Does 7 divide 3105089?
False
Is 155827495 a multiple of 54?
False
Does 14 divide 4402016002?
False
Is 957 a factor of 41327088?
True
Is 14 a factor of 44868152?
True
Does 2761 divide 196533699?
False
Is 2 a factor of 20494372?
True
Is 141936900 a multiple of 11?
False
Is 229 a factor of 10250699?
False
Is 6 a factor of 34214388?
True
Is 32037079 a multiple of 22?
False
Does 243 divide 836662122?
True
Is 838 a factor of 2060522580?
False
Does 8 divide 11960328?
True
Does 13 divide 29213015?
True
Is 51 a factor of 117217941?
True
Does 2018 divide 160876381?
False
Is 102377568 a multiple of 101?
False
Is 71621802 a multiple of 223?
True
Does 22 divide 34136542?
True
Is 71 a factor of 5403235423?
False
Does 8 divide 267616706?
False
Does 1753 divide 316284190?
False
Is 92927242 a multiple of 59?
True
Is 4741 a factor of 38380944?
False
Is 132 a factor of 22583522?
False
Is 12 a factor of 477726089?
False
Is 2328813252 a multiple of 104?
False
Does 459 divide 139634614?
False
Does 990 divide 115236000?
True
Is 15 a factor of 2253047672?
False
Is 3571 a factor of 622804702?
False
Is 83 a factor of 7691444?
True
Is 300940082 a multiple of 77?
False
Is 2276933750 a multiple of 1625?
True
Is 1421025687 a multiple of 489?
True
Does 1595 divide 627534648?
False
Does 10 divide 5521500470?
True
Is 237021069 a multiple of 3669?
True
Is 12349458 a multiple of 1067?
True
Does 303 divide 2315913721?
False
Is 641 a factor of 127497358?
False
Does 1504 divide 371936662?
False
Is 11866452 a multiple of 27?
False
Does 65 divide 15970643?
False
Does 15 divide 841322562?
False
Is 9995776 a multiple of 159?
False
Does 482 divide 119237459?
False
Is 873 a factor of 102328925?
False
Is 169 a factor of 311332307?
True
Does 781 divide 6955531?
False
Is 29825712 a multiple of 42?
True
Is 34232224 a multiple of 152?
True
Does 62 divide 216378213?
False
Is 897822530 a multiple of 110?
True
Is 121892670 a multiple of 373?
True
Is 134 a factor of 70916882?
False
Does 6 divide 174047238?
True
Does 85 divide 33305635?
True
Does 118 divide 44605770?
True
Is 1708 a factor of 63259371?
False
Does 23 divide 23618631?
True
Is 75065457 a multiple of 693?
False
Is 138994650 a multiple of 2682?
True
Is 272 a factor of 27460304?
True
Is 41936366 a multiple of 313?
True
Does 29 divide 12925218?
False
Is 921848118 a multiple of 49?
False
Does 173 divide 1412095027?
True
Is 146853824 a multiple of 61?
False
Is 42033230 a multiple of 1879?
True
Is 1290405156 a multiple of 138?
True
Does 90 divide 176566050?
True
Is 270539446 a multiple of 24?
False
Does 5781 divide 1256156879?
False
Does 39 divide 5979155?
False
Does 4 divide 1530181?
False
Is 8 a factor of 52879674?
False
Does 467 divide 12549786?
False
Does 7843 divide 2613107211?
True
Is 165602976 a multiple of 462?
True
Is 3470 a factor of 605046419?
False
Is 46077385 a multiple of 15?
False
Is 22 a factor of 10548425?
False
Does 293 divide 6956252161?
False
Is 140993721 a multiple of 33?
True
Does 1865 divide 288867985?
True
Does 160 divide 1952240320?
True
Is 2515 a factor of 1055578195?
True
Does 537 divide 538221675?
True
Does 410 divide 2475752610?
True
Does 17 divide 440121708?
False
Is 32 a factor of 3908688?
False
Is 15459908 a multiple of 5?
False
Is 184 a factor of 2027373640?
True
Is 26823099 a multiple of 43?
True
Is 201 a factor of 103757480?
False
Does 12 divide 65326860?
True
Is 11567500 a multiple of 500?
True
Is 182 a factor of 13797602?
True
Is 2473 a factor of 1609866121?
True
Is 260726996 a multiple of 109?
False
Is 493349899 a multiple of 675?
False
Is 14711452 a multiple of 17?
False
Is 2 a factor of 91227589?
False
Is 103298480 a multiple of 664?
True
Is 701 a factor of 16472098?
True
Is 31 a factor of 303053861?
True
Does 66 divide 26894956?
False
Does 3 divide 21462218?
False
Does 75 divide 91827756?
False
Does 9 divide 1272353461?
False
Is 234254215 a multiple of 5?
True
Is 40778010 a multiple of 210?
True
Is 20055157 a multiple of 279?
False
Does 9 divide 1336778664?
False
Does 11 divide 63009472?
False
Is 35 a factor of 1290934777?
False
Is 379 a factor of 37467940?
True
Is 2678559578 a multiple of 229?
False
Is 442 a factor of 4982666?
True
Does 368 divide 92757581?
False
Is 185579205 a multiple of 35?
True
Does 9 divide 1720266165?
True
Is 28 a factor of 137013380?
True
Is 4 a factor of 234678576?
True
Is 17772586 a multiple of 488?
False
Is 120 a factor of 93115176?
False
Is 42 a factor of 35881398?
True
Is 6538988 a multiple of 9?
False
Does 52 divide 575338817?
False
Does 15 divide 34993767?
False
Is 90818865 a multiple of 1551?
False
Is 12 a factor of 429480072?
True
Is 49 a factor of 1757631?
False
Does 16 divide 51851695?
False
Does 6 divide 5554644?
True
Does 2388 divide 71792832?
True
Is 7065716 a multiple of 28?
True
Is 6417 a factor of 2956874115?
False
Is 15096127 a multiple of 1546?
False
Is 34884360 a multiple of 126?
True
Is 15064461 a multiple of 24?
False
Is 691 a factor of 285655908?
False
Is 176 a factor of 657484304?
False
Is 26000762 a multiple of 122?
True
Is 266 a factor of 735177184?
True
Is 67 a factor of 589176895?
True
Is 333 a factor of 5534811?
False
Is 13 a factor of 27716117?
True
Does 189 divide 170296371?
True
Is 4281206 a multiple of 4?
False
Does 255 divide 8114932?
False
Is 978 a factor of 60507166?
False
Does 3 divide 251044095?
True
Is 23 a factor of 32063587?
True
Is 181 a factor of 1710063?
False
Does 88 divide 4280370072?
True
Is 574540910 a multiple of 15?
False
Is 7446242 a multiple of 98?
False
Is 9830678 a multiple of 1061?
False
Does 74 divide 90053782?
True
Is 692 a factor of 26073176?
True
Is 53176470 a multiple of 10?
True
Is 85 a factor of 3305820?
True
Does 50 divide 326925878?
False
Is 206885 a multiple of 7?
True
Is 1413466420 a multiple of 51?
False
Does 7 divide 180983165?
False
Is 22 a factor of 153097208?
True
Is 1297 a factor of 331649880?
False
Is 435 a factor of 4546848386?
False
Is 283 a factor of 20408664?
False
Is 254492690 a multiple of 2195?
True
Does 74 divide 1193177?
False
Does 110 divide 6757630?
True
Does 10200 divide 597648600?
True
Is 70 a factor of 92293460?
True
Does 22 divide 27000644?
True
Is 99 a factor of 5662998?
True
Is 627136419 a multiple of 21?
True
Does 584 divide 2724175456?
True
Does 13065 divide 2633054775?
True
Does 4 divide 10032773?
False
Does 385